{"id":5674,"date":"2026-04-09T13:20:29","date_gmt":"2026-04-09T13:20:29","guid":{"rendered":"https:\/\/szakmaihet.etszk.u-szeged.hu\/?page_id=5674"},"modified":"2026-04-13T11:18:15","modified_gmt":"2026-04-13T11:18:15","slug":"a-mehen-beluli-fejlodes-szules-es-szuletes-pszichologiaja","status":"publish","type":"page","link":"https:\/\/szakmaihet.etszk.u-szeged.hu\/index.php\/a-mehen-beluli-fejlodes-szules-es-szuletes-pszichologiaja\/","title":{"rendered":"A m\u00e9hen bel\u00fcli fejl\u0151d\u00e9s, sz\u00fcl\u00e9s \u00e9s sz\u00fclet\u00e9s pszichol\u00f3gi\u00e1ja"},"content":{"rendered":"\n<p>El\u0151ad\u00f3k: Nagy No\u00e9mi, Keresztes Anik\u00f3<\/p>\n\n\n\n<p>Id\u0151pont: 04.13. h\u00e9tf\u0151, 17:00\u00a0<br>Helysz\u00edn: 6726 Szeged, Temesv\u00e1ri krt. 31. ETSZK \u201eA\u201d \u00e9p\u00fclet, 119-es terem<br><\/p>\n","protected":false},"excerpt":{"rendered":"<p>El\u0151ad\u00f3k: Nagy No\u00e9mi, Keresztes Anik\u00f3 Id\u0151pont: 04.13. h\u00e9tf\u0151, 17:00\u00a0Helysz\u00edn: 6726 Szeged, Temesv\u00e1ri krt. 31. ETSZK \u201eA\u201d \u00e9p\u00fclet, 119-es terem<\/p>\n","protected":false},"author":1,"featured_media":0,"parent":0,"menu_order":0,"comment_status":"closed","ping_status":"closed","template":"","meta":[],"_links":{"self":[{"href":"https:\/\/szakmaihet.etszk.u-szeged.hu\/index.php\/wp-json\/wp\/v2\/pages\/5674"}],"collection":[{"href":"https:\/\/szakmaihet.etszk.u-szeged.hu\/index.php\/wp-json\/wp\/v2\/pages"}],"about":[{"href":"https:\/\/szakmaihet.etszk.u-szeged.hu\/index.php\/wp-json\/wp\/v2\/types\/page"}],"author":[{"embeddable":true,"href":"https:\/\/szakmaihet.etszk.u-szeged.hu\/index.php\/wp-json\/wp\/v2\/users\/1"}],"replies":[{"embeddable":true,"href":"https:\/\/szakmaihet.etszk.u-szeged.hu\/index.php\/wp-json\/wp\/v2\/comments?post=5674"}],"version-history":[{"count":2,"href":"https:\/\/szakmaihet.etszk.u-szeged.hu\/index.php\/wp-json\/wp\/v2\/pages\/5674\/revisions"}],"predecessor-version":[{"id":5684,"href":"https:\/\/szakmaihet.etszk.u-szeged.hu\/index.php\/wp-json\/wp\/v2\/pages\/5674\/revisions\/5684"}],"wp:attachment":[{"href":"https:\/\/szakmaihet.etszk.u-szeged.hu\/index.php\/wp-json\/wp\/v2\/media?parent=5674"}],"curies":[{"name":"wp","href":"https:\/\/api.w.org\/{rel}","templated":true}]}}